{"id":241,"date":"2024-12-10T16:52:16","date_gmt":"2024-12-10T15:52:16","guid":{"rendered":"https:\/\/www.sitbiella.it\/sitbiella\/?page_id=241"},"modified":"2024-12-12T16:24:23","modified_gmt":"2024-12-12T15:24:23","slug":"geoportale-unione-biellese-orientale","status":"publish","type":"page","link":"https:\/\/www.sitbiella.it\/sitbiella\/index.php\/geoportale-unione-biellese-orientale\/","title":{"rendered":"Geoportale Unione Biellese Orientale"},"content":{"rendered":"\n<p>Il Geoportale \u00e8 uno strumento interattivo che consente l\u2019esplorazione dettagliata del territorio dell\u2019Unione Biellese Orientale, offrendo un accesso diretto a una vasta gamma di informazioni geografiche e cartografiche.<\/p>\n\n\n\n<div class=\"alignnormal\"><div id=\"metaslider-id-120\" style=\"width: 100%;\" class=\"ml-slider-3-107-0 metaslider metaslider-flex metaslider-120 ml-slider has-dots-nav ms-theme-default\" role=\"region\" aria-label=\"Nuova presentazione\" data-height=\"1000\" data-width=\"1900\">\n    <div id=\"metaslider_container_120\">\n        <div id=\"metaslider_120\">\n            <ul class='slides'>\n                <li style=\"display: block; width: 100%;\" class=\"slide-256 ms-image \" aria-roledescription=\"slide\" data-date=\"2024-12-10 17:12:49\" data-filename=\"immagine_2024-12-10_165207960.png\" data-slide-type=\"image\"><a href=\"https:\/\/sitbiella.it\/unione\/\" target=\"_blank\" aria-label=\"Visualizza i dettagli della diapositiva\" class=\"metaslider_image_link\" rel=\"noopener\"><img decoding=\"async\" width=\"1835\" height=\"886\" src=\"https:\/\/www.sitbiella.it\/sitbiella\/wp-content\/uploads\/2024\/12\/immagine_2024-12-10_165207960.png\" class=\"slider-120 slide-256 msDefaultImage\" alt=\"\" rel=\"\" title=\"immagine_2024-12-10_165207960\" srcset=\"https:\/\/www.sitbiella.it\/sitbiella\/wp-content\/uploads\/2024\/12\/immagine_2024-12-10_165207960.png 1835w, https:\/\/www.sitbiella.it\/sitbiella\/wp-content\/uploads\/2024\/12\/immagine_2024-12-10_165207960-300x145.png 300w, https:\/\/www.sitbiella.it\/sitbiella\/wp-content\/uploads\/2024\/12\/immagine_2024-12-10_165207960-1024x494.png 1024w, https:\/\/www.sitbiella.it\/sitbiella\/wp-content\/uploads\/2024\/12\/immagine_2024-12-10_165207960-768x371.png 768w, https:\/\/www.sitbiella.it\/sitbiella\/wp-content\/uploads\/2024\/12\/immagine_2024-12-10_165207960-1536x742.png 1536w\" sizes=\"(max-width: 1835px) 100vw, 1835px\" \/><\/a><\/li>\n                <li style=\"display: none; width: 100%;\" class=\"slide-258 ms-image \" aria-roledescription=\"slide\" data-date=\"2024-12-10 17:13:51\" data-filename=\"immagine_2024-12-10_171343784.png\" data-slide-type=\"image\"><a href=\"https:\/\/sitbiella.it\/unione\/index.php\/lessona\/\" target=\"_blank\" aria-label=\"Visualizza i dettagli della diapositiva\" class=\"metaslider_image_link\" rel=\"noopener\"><img decoding=\"async\" width=\"1468\" height=\"910\" src=\"https:\/\/www.sitbiella.it\/sitbiella\/wp-content\/uploads\/2024\/12\/immagine_2024-12-10_171343784.png\" class=\"slider-120 slide-258 msDefaultImage\" alt=\"\" rel=\"\" title=\"immagine_2024-12-10_171343784\" srcset=\"https:\/\/www.sitbiella.it\/sitbiella\/wp-content\/uploads\/2024\/12\/immagine_2024-12-10_171343784.png 1468w, https:\/\/www.sitbiella.it\/sitbiella\/wp-content\/uploads\/2024\/12\/immagine_2024-12-10_171343784-300x186.png 300w, https:\/\/www.sitbiella.it\/sitbiella\/wp-content\/uploads\/2024\/12\/immagine_2024-12-10_171343784-1024x635.png 1024w, https:\/\/www.sitbiella.it\/sitbiella\/wp-content\/uploads\/2024\/12\/immagine_2024-12-10_171343784-768x476.png 768w\" sizes=\"(max-width: 1468px) 100vw, 1468px\" \/><\/a><\/li>\n                <li style=\"display: none; width: 100%;\" class=\"slide-260 ms-image \" aria-roledescription=\"slide\" data-date=\"2024-12-10 17:14:59\" data-filename=\"immagine_2024-12-10_171446010.png\" data-slide-type=\"image\"><a href=\"https:\/\/sitbiella.it\/QGisToWeb\/map\/index.php?Utitle=TGVzc29uYSBQcmc=&amp;Ucode=6IQLIKf0B47WZtiX8raGP0QmrtK8Vucv&amp;Uvmap=34&amp;Uvista=\" target=\"_blank\" aria-label=\"Visualizza i dettagli della diapositiva\" class=\"metaslider_image_link\" rel=\"noopener\"><img decoding=\"async\" width=\"1758\" height=\"850\" src=\"https:\/\/www.sitbiella.it\/sitbiella\/wp-content\/uploads\/2024\/12\/immagine_2024-12-10_171446010.png\" class=\"slider-120 slide-260 msDefaultImage\" alt=\"\" rel=\"\" title=\"immagine_2024-12-10_171446010\" srcset=\"https:\/\/www.sitbiella.it\/sitbiella\/wp-content\/uploads\/2024\/12\/immagine_2024-12-10_171446010.png 1758w, https:\/\/www.sitbiella.it\/sitbiella\/wp-content\/uploads\/2024\/12\/immagine_2024-12-10_171446010-300x145.png 300w, https:\/\/www.sitbiella.it\/sitbiella\/wp-content\/uploads\/2024\/12\/immagine_2024-12-10_171446010-1024x495.png 1024w, https:\/\/www.sitbiella.it\/sitbiella\/wp-content\/uploads\/2024\/12\/immagine_2024-12-10_171446010-768x371.png 768w, https:\/\/www.sitbiella.it\/sitbiella\/wp-content\/uploads\/2024\/12\/immagine_2024-12-10_171446010-1536x743.png 1536w\" sizes=\"(max-width: 1758px) 100vw, 1758px\" \/><\/a><\/li>\n            <\/ul>\n        <\/div>\n        \n    <\/div>\n<\/div><\/div>\n\n\n\n<h3 class=\"wp-block-heading\">Funzionalit\u00e0 principali:<\/h3>\n\n\n\n<ul class=\"wp-block-list\">\n<li><p><strong>Mappa interattiva<\/strong>: Visualizzazione dei confini dei comuni, con la possibilit\u00e0 di consultare vari livelli informativi, tra cui il piano di Protezione Civile, il piano paesaggistico regionale e le aree superiori ai 600 metri di altitudine.<\/p><\/li>\n\n\n\n<li><p><strong>Informazioni sui comuni<\/strong>: Consultazione delle pagine dedicate a ciascun comune con informazioni dettagliate, accessibili cliccando sui confini dei comuni stessi.<\/p><\/li>\n\n\n\n<li><p><strong>Piani di Protezione Civile<\/strong>: Consultazione dei piani di Protezione Civile a livello comunale e dell\u2019intera Unione.<\/p><\/li>\n\n\n\n<li><p><strong>Piano Paesaggistico Regionale<\/strong>: Visualizzazione e consultazione del piano paesaggistico regionale.<\/p><\/li>\n\n\n\n<li><p><strong>Aree sopra i 600 metri<\/strong>: Mappa dedicata alla visualizzazione delle aree situate ad altitudini superiori ai 600 metri.<\/p><\/li>\n\n\n\n<li><p><strong>Sezione Help<\/strong>: Guida dettagliata su come utilizzare il portale.<\/p><\/li>\n\n\n\n<li><p><strong>Video tutorial<\/strong>: Materiale video esplicativo sulle principali funzionalit\u00e0 del Geoportale.<\/p><\/li>\n\n\n\n<li><p><strong>Versione mobile<\/strong>: Accesso al portale anche da dispositivi mobili, con una versione ottimizzata.<\/p><\/li>\n<\/ul>\n\n\n\n<h3 class=\"wp-block-heading\">Modalit\u00e0 di utilizzo:<\/h3>\n\n\n\n<p>Il Geoportale \u00e8 uno strumento intuitivo e facile da navigare. Gli utenti possono esplorare la mappa interattiva, selezionare i livelli informativi di interesse e accedere alle sezioni tramite il menu e i link disponibili.<\/p>\n\n\n\n<h3 class=\"wp-block-heading\">Destinatari:<\/h3>\n\n\n\n<ul class=\"wp-block-list\">\n<li><p><strong>Cittadini<\/strong>: Per una migliore conoscenza del territorio, dei servizi comunali e delle informazioni relative alla Protezione Civile e al piano paesaggistico.<\/p><\/li>\n\n\n\n<li><p><strong>Professionisti<\/strong>: Per l\u2019accesso a mappe e dati dettagliati, utili per attivit\u00e0 professionali.<\/p><\/li>\n\n\n\n<li><p><strong>Enti pubblici<\/strong>: Per la gestione del territorio e la pianificazione di interventi.<\/p><\/li>\n<\/ul>\n\n\n\n<p>In conclusione, il Geoportale rappresenta uno strumento completo e versatile, che consente l&#8217;accesso a informazioni cartografiche e geografiche del territorio dell\u2019Unione Biellese Orientale, con un\u2019interfaccia chiara ed efficace.<\/p>\n\n\n\n<div class=\"wp-block-columns alignwide is-layout-flex wp-container-core-columns-is-layout-9d6595d7 wp-block-columns-is-layout-flex\">\n<div class=\"wp-block-column is-vertically-aligned-stretch is-layout-flow wp-block-column-is-layout-flow\" style=\"flex-basis:100%\">\n<!-- Div video-gallery con ID per il link interno -->\n<div class=\"video-gallery\" id=\"video-gallery\">\n    <div class=\"video-item\">\n        <iframe width=\"100%\" height=\"315\" src=\"https:\/\/www.youtube.com\/embed\/MI7cQuW9Fus?si=bhMgRkdfxNLJo2I9\" frameborder=\"0\" allow=\"accelerometer; autoplay; clipboard-write; encrypted-media; gyroscope; picture-in-picture\" allowfullscreen><\/iframe>\n    <\/div>\n    <div class=\"video-item\">\n        <iframe width=\"100%\" height=\"315\" src=\"https:\/\/www.youtube.com\/embed\/7OK4lY9bRuY?si=pNSj8uGCvL1SQ8Sf\" frameborder=\"0\" allow=\"accelerometer; autoplay; clipboard-write; encrypted-media; gyroscope; picture-in-picture\" allowfullscreen><\/iframe>\n    <\/div>\n    <div class=\"video-item\">\n        <iframe width=\"100%\" height=\"315\" src=\"https:\/\/www.youtube.com\/embed\/XugX0sobNis?si=fQEwnVLisy_7U7nq\" frameborder=\"0\" allow=\"accelerometer; autoplay; clipboard-write; encrypted-media; gyroscope; picture-in-picture\" allowfullscreen><\/iframe>\n    <\/div>\n    <div class=\"video-item\">\n        <iframe width=\"100%\" height=\"315\" src=\"https:\/\/www.youtube.com\/embed\/WdBXDdExkJE?si=DG_HVAre-7mDGf6i\" frameborder=\"0\" allow=\"accelerometer; autoplay; clipboard-write; encrypted-media; gyroscope; picture-in-picture\" allowfullscreen><\/iframe>\n    <\/div>\n<\/div>\n<\/div>\n<\/div>\n\n\n\n<p><\/p>\n","protected":false},"excerpt":{"rendered":"<p>Il Geoportale \u00e8 uno strumento interattivo che consente l\u2019esplorazione dettagliata del territorio dell\u2019Unione Biellese Orientale, offrendo un accesso diretto a una vasta gamma di informazioni geografiche e cartografiche. Funzionalit\u00e0 principali: Modalit\u00e0 di utilizzo: Il Geoportale \u00e8 uno strumento intuitivo e facile da navigare. Gli utenti possono esplorare la mappa interattiva, selezionare i livelli informativi di [&hellip;]<\/p>\n","protected":false},"author":1,"featured_media":0,"parent":0,"menu_order":0,"comment_status":"closed","ping_status":"closed","template":"","meta":{"_genesis_hide_title":false,"_genesis_hide_breadcrumbs":false,"_genesis_hide_singular_image":false,"_genesis_hide_footer_widgets":false,"_genesis_custom_body_class":"","_genesis_custom_post_class":"","_genesis_layout":"","footnotes":""},"class_list":{"0":"post-241","1":"page","2":"type-page","3":"status-publish","5":"entry"},"featured_image_src":null,"featured_image_src_square":null,"_links":{"self":[{"href":"https:\/\/www.sitbiella.it\/sitbiella\/index.php\/wp-json\/wp\/v2\/pages\/241","targetHints":{"allow":["GET"]}}],"collection":[{"href":"https:\/\/www.sitbiella.it\/sitbiella\/index.php\/wp-json\/wp\/v2\/pages"}],"about":[{"href":"https:\/\/www.sitbiella.it\/sitbiella\/index.php\/wp-json\/wp\/v2\/types\/page"}],"author":[{"embeddable":true,"href":"https:\/\/www.sitbiella.it\/sitbiella\/index.php\/wp-json\/wp\/v2\/users\/1"}],"replies":[{"embeddable":true,"href":"https:\/\/www.sitbiella.it\/sitbiella\/index.php\/wp-json\/wp\/v2\/comments?post=241"}],"version-history":[{"count":32,"href":"https:\/\/www.sitbiella.it\/sitbiella\/index.php\/wp-json\/wp\/v2\/pages\/241\/revisions"}],"predecessor-version":[{"id":381,"href":"https:\/\/www.sitbiella.it\/sitbiella\/index.php\/wp-json\/wp\/v2\/pages\/241\/revisions\/381"}],"wp:attachment":[{"href":"https:\/\/www.sitbiella.it\/sitbiella\/index.php\/wp-json\/wp\/v2\/media?parent=241"}],"curies":[{"name":"wp","href":"https:\/\/api.w.org\/{rel}","templated":true}]}}